{"id":113,"date":"2012-09-18T14:06:44","date_gmt":"2012-09-18T12:06:44","guid":{"rendered":"https:\/\/fantastycznaprzygoda.suszka.eu?page_id=113"},"modified":"2024-09-23T12:44:58","modified_gmt":"2024-09-23T10:44:58","slug":"kadra","status":"publish","type":"page","link":"https:\/\/fantastycznaprzygoda.suszka.eu\/?page_id=113","title":{"rendered":"Fantastyczna Przygoda"},"content":{"rendered":"<div style=\"clear: both;\">\n<p style=\"text-align: left;\"><strong>Gosia \u2013 za\u0142o\u017cycielka i dyrektor Fantastycznej Przygody.<\/strong><\/p>\n<p style=\"text-align: justify;\">Jestem nauczycielk\u0105 z wieloletnim do\u015bwiadczeniem w pracy z dzie\u0107mi. Studia pedagogiczne uko\u0144czy\u0142am na Uniwersytecie \u015al\u0105skim w Katowicach w zakresie pedagogiki wczesnoszkolnej. Maj\u0105c na celu ci\u0105g\u0142e ulepszanie swojego warsztatu nauczycielskiego uko\u0144czy\u0142am wiele kurs\u00f3w i szkole\u0144 doskonal\u0105cych, m.in. kurs kwalifikacyjny dla o\u015bwiatowej kadry kierowniczej, kurs doskonalenia umiej\u0119tno\u015bci wychowawczych, szkolenie z zakresu nowej metody nauki czytania i pisania &#8211; Glottodydaktyki, arteterapie, logorytmik\u0119, trenera grafomotoryki, studia podyplomowe w zakresie edukacji matematycznej, kurs trenerski TUS oraz kurs terapii r\u0119ki. Jestem osob\u0105 energiczn\u0105, weso\u0142\u0105, dobrze zorganizowan\u0105 oraz wra\u017cliw\u0105 na potrzeby dzieci. W mojej pracy stawiam na dobry kontakt z lud\u017ami i rodzinn\u0105 atmosfer\u0119.<\/p>\n<p>&nbsp;<\/p>\n<p><strong>Ania \u2013 nauczyciel wychowania przedszkolnego<br \/>\nWychowawca grupy: S\u00f3wki<\/strong><\/p>\n<p style=\"text-align: justify;\">Jestem absolwentk\u0105 Uniwersytetu \u015al\u0105skiego w Katowicach- uko\u0144czy\u0142am studia o kierunku Edukacja Wczesnoszkolna i Wychowanie Przedszkolne. Posiadam kilkuletnie do\u015bwiadczenie pracy w zawodzie nauczyciela wychowania przedszkolnego. Wiedz\u0119 zdobyt\u0105 podczas studi\u00f3w stale pog\u0142\u0119biam podczas wielu kurs\u00f3w i szkole\u0144, w kt\u00f3rych systematycznie bior\u0119 udzia\u0142. Moj\u0105 pasj\u0105 jest sensoplastyka. W swojej pracy z dzie\u0107mi stawiam na odkrywanie i poznawanie \u015bwiata r\u00f3\u017cnymi zmys\u0142ami, poprzez do\u015bwiadczani i tworzenie kreatywnej przestrzeni. Staram si\u0119, by zaj\u0119cia, kt\u00f3re prowadz\u0119 by\u0142y dla dzieci ciekawe, warto\u015bciowe i przede wszystkim, by dawa\u0142y im wiele rado\u015bci!<\/p>\n<\/div>\n<div>&nbsp;<\/div>\n<div style=\"clear: both;\"><strong>Sandra \u2013 nauczyciel wychowania przedszkolnego<br \/>\nWychowawca grupy: S\u00f3wki<\/strong><\/p>\n<p style=\"text-align: justify;\">Jestem absolwentk\u0105 pedagogiki opieku\u0144czo-wychowawczej na Uniwersytecie Opolskim oraz pedagogiki socjalnej w Pa\u0144stwowej Wy\u017cszej Szkole Zawodowej w Raciborzu. Ponadto uko\u0144czy\u0142am studia podyplomowe w Wy\u017cszej Szkole im. Bogdana Ja\u0144skiego w Opolu na kierunku pedagogika przedszkolna oraz wczesnoszkolna. Uko\u0144czy\u0142am kurs Instruktora Gimnastyki Korekcyjnej. Moja wiedza jest poparta wieloletnim&nbsp;do\u015bwiadczeniem w pracy z dzie\u0107mi. Lubi\u0119 pracowa\u0107 z lud\u017ami, zw\u0142aszcza tymi najmniejszymi. Jestem osob\u0105 otwart\u0105 i u\u015bmiechni\u0119t\u0105, bardzo odpowiedzialnie i rzetelnie podchodz\u0119 do mojej pracy oraz innych powierzonych mi obowi\u0105zk\u00f3w.<\/p>\n<div style=\"clear: both;\"><strong>&nbsp;<\/strong><\/div>\n<div style=\"clear: both;\"><strong>Agnieszka &#8211; wicedyrektor i nauczyciel wychowania przedszkolnego<br \/>\nWychowawca grupy: Rysie<\/strong><\/p>\n<p style=\"text-align: justify;\">Jestem absolwentk\u0105 Uniwersytetu Miko\u0142aja Kopernika w Toruniu, gdzie uko\u0144czy\u0142am studia nauczycielskie, kierunek historia. Ponadto uko\u0144czy\u0142am studia podyplomowe na kierunku zintegrowana edukacja wczesnoszkolna w Wy\u017cszej Szkole Przedsi\u0119biorczo\u015bci w Gliwicach. Stale poszerzam swoj\u0105 wiedz\u0119 bior\u0105c udzia\u0142 w warsztatach i szkoleniach. Praca z dzie\u0107mi sprawia mi wiele rado\u015bci i satysfakcji. Podziwiam dzieci za ich szczero\u015b\u0107, spontaniczno\u015b\u0107 oraz ciekawo\u015b\u0107 \u015bwiata. Dzieci patrz\u0105 na \u015bwiat \u201eg\u0142\u0119biej\u201d ni\u017c my \u2013 doro\u015bli. Moim ukochanym ksi\u0105\u017ckowym przyk\u0142adem na to jest opisana w \u201eMa\u0142ym Ksi\u0119ciu\u201d interpretacja rysunku. My\u015bl\u0119, \u017ce mo\u017cemy si\u0119 od nich wiele nauczy\u0107. Jestem osob\u0105 aktywn\u0105 sportowo. Uko\u0144czy\u0142am kurs Instruktora Gimnastyki Korekcyjnej. W naszym przedszkolu prowadz\u0119 gimnastyk\u0119 z elementami gimnastyki korekcyjnej. W swojej codziennej pracy z dzie\u0107mi, jeszcze skuteczniej wspieram ich prawid\u0142ow\u0105 postaw\u0119 cia\u0142a i zach\u0119cam do aktywno\u015bci sportowej.<\/p>\n<p>&nbsp;<\/p>\n<p><strong>Agnieszka &#8211; nauczyciel wychowania przedszkolnego<\/strong><\/p>\n<p><strong>Wychowawca grupy: Rysie<\/strong><\/p>\n<p style=\"text-align: justify;\">&nbsp;<\/p>\n<\/div>\n<div style=\"clear: both;\">\n<p><strong>Kasia D.\u2013 logopeda<\/strong><\/p>\n<p style=\"text-align: justify;\">Jestem absolwentk\u0105 pedagogiki o specjalno\u015bci zintegrowana edukacja wczesnoszkolna i wychowanie przedszkolne na Uniwersytecie \u015al\u0105skim w Katowicach. Uko\u0144czy\u0142am r\u00f3wnie\u017c studia podyplomowe z logopedii. Jestem osob\u0105 u\u015bmiechni\u0119t\u0105, otwart\u0105, pozytywnie nastawion\u0105 do \u017cycia oraz pe\u0142n\u0105 zapa\u0142u do pracy. Bardzo si\u0119 staram, aby ka\u017cdy dzie\u0144 by\u0142 dla dzieci fantastyczn\u0105 przygod\u0105, a mnie samej przynosi\u0142 satysfakcj\u0119.<\/p>\n<\/div>\n<p>&nbsp;<\/p>\n<div style=\"clear: both;\">\n<p style=\"text-align: justify;\">&nbsp;<\/p>\n<\/div>\n<\/div>\n","protected":false},"excerpt":{"rendered":"<p>Gosia \u2013 za\u0142o\u017cycielka i dyrektor Fantastycznej Przygody. Jestem nauczycielk\u0105 z wieloletnim do\u015bwiadczeniem w pracy z dzie\u0107mi. Studia pedagogiczne uko\u0144czy\u0142am na Uniwersytecie \u015al\u0105skim w Katowicach w zakresie pedagogiki wczesnoszkolnej. Maj\u0105c na celu ci\u0105g\u0142e ulepszanie swojego warsztatu nauczycielskiego uko\u0144czy\u0142am wiele kurs\u00f3w i szkole\u0144 doskonal\u0105cych, m.in. kurs kwalifikacyjny dla o\u015bwiatowej kadry kierowniczej, kurs doskonalenia umiej\u0119tno\u015bci wychowawczych, szkolenie z [&hellip;]<\/p>\n","protected":false},"author":20,"featured_media":0,"parent":15594,"menu_order":0,"comment_status":"closed","ping_status":"closed","template":"","meta":{"footnotes":""},"class_list":["post-113","page","type-page","status-publish","hentry"],"_links":{"self":[{"href":"https:\/\/fantastycznaprzygoda.suszka.eu\/index.php?rest_route=\/wp\/v2\/pages\/113"}],"collection":[{"href":"https:\/\/fantastycznaprzygoda.suszka.eu\/index.php?rest_route=\/wp\/v2\/pages"}],"about":[{"href":"https:\/\/fantastycznaprzygoda.suszka.eu\/index.php?rest_route=\/wp\/v2\/types\/page"}],"author":[{"embeddable":true,"href":"https:\/\/fantastycznaprzygoda.suszka.eu\/index.php?rest_route=\/wp\/v2\/users\/20"}],"replies":[{"embeddable":true,"href":"https:\/\/fantastycznaprzygoda.suszka.eu\/index.php?rest_route=%2Fwp%2Fv2%2Fcomments&post=113"}],"version-history":[{"count":166,"href":"https:\/\/fantastycznaprzygoda.suszka.eu\/index.php?rest_route=\/wp\/v2\/pages\/113\/revisions"}],"predecessor-version":[{"id":51706,"href":"https:\/\/fantastycznaprzygoda.suszka.eu\/index.php?rest_route=\/wp\/v2\/pages\/113\/revisions\/51706"}],"up":[{"embeddable":true,"href":"https:\/\/fantastycznaprzygoda.suszka.eu\/index.php?rest_route=\/wp\/v2\/pages\/15594"}],"wp:attachment":[{"href":"https:\/\/fantastycznaprzygoda.suszka.eu\/index.php?rest_route=%2Fwp%2Fv2%2Fmedia&parent=113"}],"curies":[{"name":"wp","href":"https:\/\/api.w.org\/{rel}","templated":true}]}}